{"id":78,"date":"2021-01-11T15:56:05","date_gmt":"2021-01-11T14:56:05","guid":{"rendered":"http:\/\/auteursenresidence-turmeliere.fr\/?page_id=78"},"modified":"2022-04-13T09:55:03","modified_gmt":"2022-04-13T07:55:03","slug":"le-mot-de-lauteur","status":"publish","type":"page","link":"https:\/\/auteursenresidence-turmeliere.fr\/index.php\/les-residences-passees\/benoit-broyart\/le-mot-de-lauteur\/","title":{"rendered":"le mot de l&rsquo;auteur"},"content":{"rendered":"<p>Entre janvier et mai, je serai en r\u00e9sidence pour trois mois \u00e0 <a href=\"https:\/\/www.turmeliere.org\/\">La Turmeli\u00e8re<\/a>, accueilli par l\u2019association La Turmeli\u00e8re (affili\u00e9e \u00e0 la Ligue de l\u2019enseignement), log\u00e9 juste \u00e0 c\u00f4t\u00e9 de ce magnifique ch\u00e2teau construit pr\u00e8s des ruines du manoir o\u00f9 v\u00e9cu Joachim Du Bellay. C\u2019est tout pr\u00e8s d\u2019Ancenis dans le Maine-et-Loire. M\u00eame si je n\u2019ai pas \u00e0 me plaindre de mon environnement quotidien de travail, celui-l\u00e0 est assez idyllique, je dois dire.<\/p>\n<p>J\u2019ai la chance d\u2019avoir \u00e9t\u00e9 retenu pour y d\u00e9velopper le sc\u00e9nario d\u2019un nouveau projet de bande dessin\u00e9e jeunesse construit autour de la remise en question du sp\u00e9cisme. J\u2019ai choisi de m\u2019interroger sur la place de l\u2019humain dans la nature, du moins sur la place qu\u2019il serait grand temps qu\u2019il ait, prenant en compte donc les animaux autant que les v\u00e9g\u00e9taux qui l\u2019entourent, sans se penser tout en haut de l\u2019\u00e9chelle. Si l\u2019histoire et sa trame sont loin d\u2019\u00eatre construites, le but de la r\u00e9sidence est bien celui-l\u00e0, se donner du temps pour produire ce sc\u00e9nario, j\u2019ai quand m\u00eame quelques \u00e9l\u00e9ments en t\u00eate d\u00e9j\u00e0, un format pressenti (une trilogie) et un compagnon de route avec lequel je suis une fois de plus tr\u00e8s heureux de travailler, Laurent Richard.<\/p>\n<p>Cette r\u00e9sidence est accompagn\u00e9e de tout un programme de m\u00e9diation, d\u2019ateliers propos\u00e9s aux classes de deux territoires, d\u2019interventions en m\u00e9diath\u00e8que, d\u2019expositions, de mise en valeur de mon travail ici et l\u00e0. Un vrai bonheur \u00e0 venir.<\/p>\n<p>source :<a href=\"https:\/\/benoitbroyart.fr\/2020\/09\/23\/bientot-la-turmeliere\/\" target=\"_blank\" rel=\"noopener noreferrer\"> https:\/\/benoitbroyart.fr\/2020\/09\/23\/bientot-la-turmeliere\/<\/a><\/p>\n","protected":false},"excerpt":{"rendered":"<p>Entre janvier et mai, je serai en r\u00e9sidence pour trois mois \u00e0 La Turmeli\u00e8re, accueilli par l\u2019association La Turmeli\u00e8re (affili\u00e9e \u00e0 la Ligue de l\u2019enseignement), log\u00e9 juste \u00e0 c\u00f4t\u00e9 de ce magnifique ch\u00e2teau construit pr\u00e8s des ruines du manoir o\u00f9 v\u00e9cu Joachim Du Bellay. C\u2019est tout pr\u00e8s d\u2019Ancenis dans le Maine-et-Loire. M\u00eame si je n\u2019ai pas \u00e0 me plaindre de mon environnement quotidien de travail, celui-l\u00e0 est assez idyllique, je dois dire. J\u2019ai la chance d\u2019avoir \u00e9t\u00e9 retenu pour y&#8230;<\/p>\n<p class=\"read-more\"><a class=\"btn btn-default\" href=\"https:\/\/auteursenresidence-turmeliere.fr\/index.php\/les-residences-passees\/benoit-broyart\/le-mot-de-lauteur\/\">Lire la suite<span class=\"screen-reader-text\"> Lire la suite<\/span><\/a><\/p>\n","protected":false},"author":1,"featured_media":0,"parent":258,"menu_order":0,"comment_status":"closed","ping_status":"closed","template":"","meta":[],"_links":{"self":[{"href":"https:\/\/auteursenresidence-turmeliere.fr\/index.php\/wp-json\/wp\/v2\/pages\/78"}],"collection":[{"href":"https:\/\/auteursenresidence-turmeliere.fr\/index.php\/wp-json\/wp\/v2\/pages"}],"about":[{"href":"https:\/\/auteursenresidence-turmeliere.fr\/index.php\/wp-json\/wp\/v2\/types\/page"}],"author":[{"embeddable":true,"href":"https:\/\/auteursenresidence-turmeliere.fr\/index.php\/wp-json\/wp\/v2\/users\/1"}],"replies":[{"embeddable":true,"href":"https:\/\/auteursenresidence-turmeliere.fr\/index.php\/wp-json\/wp\/v2\/comments?post=78"}],"version-history":[{"count":1,"href":"https:\/\/auteursenresidence-turmeliere.fr\/index.php\/wp-json\/wp\/v2\/pages\/78\/revisions"}],"predecessor-version":[{"id":80,"href":"https:\/\/auteursenresidence-turmeliere.fr\/index.php\/wp-json\/wp\/v2\/pages\/78\/revisions\/80"}],"up":[{"embeddable":true,"href":"https:\/\/auteursenresidence-turmeliere.fr\/index.php\/wp-json\/wp\/v2\/pages\/258"}],"wp:attachment":[{"href":"https:\/\/auteursenresidence-turmeliere.fr\/index.php\/wp-json\/wp\/v2\/media?parent=78"}],"curies":[{"name":"wp","href":"https:\/\/api.w.org\/{rel}","templated":true}]}}

<p>Entre janvier et mai, je serai en résidence pour trois mois à <a href="https://www.turmeliere.org/">La Turmelière</a>, accueilli par l’association La Turmelière (affiliée à la Ligue de l’enseignement), logé juste à côté de ce magnifique château construit près des ruines du manoir où vécu Joachim Du Bellay. C’est tout près d’Ancenis dans le Maine-et-Loire. Même si je n’ai pas à me plaindre de mon environnement quotidien de travail, celui-là est assez idyllique, je dois dire.</p>
<p>J’ai la chance d’avoir été retenu pour y développer le scénario d’un nouveau projet de bande dessinée jeunesse construit autour de la remise en question du spécisme. J’ai choisi de m’interroger sur la place de l’humain dans la nature, du moins sur la place qu’il serait grand temps qu’il ait, prenant en compte donc les animaux autant que les végétaux qui l’entourent, sans se penser tout en haut de l’échelle. Si l’histoire et sa trame sont loin d’être construites, le but de la résidence est bien celui-là, se donner du temps pour produire ce scénario, j’ai quand même quelques éléments en tête déjà, un format pressenti (une trilogie) et un compagnon de route avec lequel je suis une fois de plus très heureux de travailler, Laurent Richard.</p>
<p>Cette résidence est accompagnée de tout un programme de médiation, d’ateliers proposés aux classes de deux territoires, d’interventions en médiathèque, d’expositions, de mise en valeur de mon travail ici et là. Un vrai bonheur à venir.</p>
<p>source :<a href="https://benoitbroyart.fr/2020/09/23/bientot-la-turmeliere/" target="_blank" rel="noopener noreferrer"> https://benoitbroyart.fr/2020/09/23/bientot-la-turmeliere/</a></p>

<p>Entre janvier et mai, je serai en résidence pour trois mois à La Turmelière, accueilli par l’association La Turmelière (affiliée à la Ligue de l’enseignement), logé juste à côté de ce magnifique château construit près des ruines du manoir où vécu Joachim Du Bellay. C’est tout près d’Ancenis dans le Maine-et-Loire. Même si je n’ai pas à me plaindre de mon environnement quotidien de travail, celui-là est assez idyllique, je dois dire. J’ai la chance d’avoir été retenu pour y&#8230;</p>
<p class="read-more"><a class="btn btn-default" href="https://auteursenresidence-turmeliere.fr/index.php/les-residences-passees/benoit-broyart/le-mot-de-lauteur/">Lire la suite<span class="screen-reader-text"> Lire la suite</span></a></p>
