{"id":330,"date":"2022-04-13T10:01:56","date_gmt":"2022-04-13T08:01:56","guid":{"rendered":"https:\/\/auteursenresidence-turmeliere.fr\/?page_id=330"},"modified":"2024-10-25T14:13:23","modified_gmt":"2024-10-25T12:13:23","slug":"actualites-de-la-residence","status":"publish","type":"page","link":"https:\/\/auteursenresidence-turmeliere.fr\/index.php\/actualites-de-la-residence\/","title":{"rendered":"Actualit\u00e9s de la r\u00e9sidence 2024-2025"},"content":{"rendered":"<p>Nous avons le plaisir d&rsquo;accueillir un nouvel auteur en r\u00e9sidence \u00e0 la Turmeli\u00e8re : Baptiste Cogitore !<\/p>\n<p>Nous vous donnons rendez-vous le vendredi 22 novembre 2024 \u00e0 19h \u00e0 la Turmeli\u00e8re pour l&rsquo;ouverture de cette nouvelle r\u00e9sidence.<\/p>\n<div style=\"text-align: center;\">\n<div style=\"margin: 8px 0px 4px;\"><\/div>\n<div style=\"text-align: center;\">\n<div style=\"text-align: center;\"><iframe loading=\"lazy\" style=\"margin: 0 auto;\" src=\"\/\/v.calameo.com\/?bkcode=007675406fa8c512b5ca9&amp;mode=mini\" width=\"480\" height=\"300\" frameborder=\"0\" scrolling=\"no\" allowfullscreen=\"allowfullscreen\"><\/iframe><\/div>\n<\/div>\n<div style=\"margin: 4px 0px 8px;\"><\/div>\n<\/div>\n<p>&nbsp;<\/p>\n<p><a href=\"http:\/\/auteursenresidence-turmeliere.fr\/wp-content\/uploads\/2024\/10\/Residence-auteur-2024_web.pdf\">Programme complet ICI<\/a><\/p>\n<hr \/>\n<p>Prochaine r\u00e9sidence : novembre 2026<\/p>\n<p>Appel \u00e0 projet disponible en d\u00e9cembre 2025.<\/p>\n<p>Pour plus de renseignements : jhiltscher@turmeliere.org \/ contact-chateau@turmeliere.org<\/p>\n","protected":false},"excerpt":{"rendered":"<p>Nous avons le plaisir d&rsquo;accueillir un nouvel auteur en r\u00e9sidence \u00e0 la Turmeli\u00e8re : Baptiste Cogitore ! Nous vous donnons rendez-vous le vendredi 22 novembre 2024 \u00e0 19h \u00e0 la Turmeli\u00e8re pour l&rsquo;ouverture de cette nouvelle r\u00e9sidence. &nbsp; Programme complet ICI Prochaine r\u00e9sidence : novembre 2026 Appel \u00e0 projet disponible en d\u00e9cembre 2025. Pour plus de renseignements : jhiltscher@turmeliere.org \/ contact-chateau@turmeliere.org<\/p>\n","protected":false},"author":1,"featured_media":0,"parent":0,"menu_order":0,"comment_status":"closed","ping_status":"closed","template":"","meta":[],"_links":{"self":[{"href":"https:\/\/auteursenresidence-turmeliere.fr\/index.php\/wp-json\/wp\/v2\/pages\/330"}],"collection":[{"href":"https:\/\/auteursenresidence-turmeliere.fr\/index.php\/wp-json\/wp\/v2\/pages"}],"about":[{"href":"https:\/\/auteursenresidence-turmeliere.fr\/index.php\/wp-json\/wp\/v2\/types\/page"}],"author":[{"embeddable":true,"href":"https:\/\/auteursenresidence-turmeliere.fr\/index.php\/wp-json\/wp\/v2\/users\/1"}],"replies":[{"embeddable":true,"href":"https:\/\/auteursenresidence-turmeliere.fr\/index.php\/wp-json\/wp\/v2\/comments?post=330"}],"version-history":[{"count":16,"href":"https:\/\/auteursenresidence-turmeliere.fr\/index.php\/wp-json\/wp\/v2\/pages\/330\/revisions"}],"predecessor-version":[{"id":414,"href":"https:\/\/auteursenresidence-turmeliere.fr\/index.php\/wp-json\/wp\/v2\/pages\/330\/revisions\/414"}],"wp:attachment":[{"href":"https:\/\/auteursenresidence-turmeliere.fr\/index.php\/wp-json\/wp\/v2\/media?parent=330"}],"curies":[{"name":"wp","href":"https:\/\/api.w.org\/{rel}","templated":true}]}}