{"id":320,"date":"2022-04-13T09:46:56","date_gmt":"2022-04-13T07:46:56","guid":{"rendered":"https:\/\/auteursenresidence-turmeliere.fr\/?page_id=320"},"modified":"2024-10-22T10:16:03","modified_gmt":"2024-10-22T08:16:03","slug":"infos-pratiques","status":"publish","type":"page","link":"https:\/\/auteursenresidence-turmeliere.fr\/index.php\/infos-pratiques\/","title":{"rendered":"Infos pratiques"},"content":{"rendered":"\r\n<p>La ch\u00e2teau de la Turmeli\u00e8re accueille un.e auteur.trice en r\u00e9sidence tous les deux ans. Prochaine session de candidature : D\u00e9cembre 2025. Le dossier de candidature sera disponible sur notre site internet fin 2025\/d\u00e9but 2026.\u00a0<\/p>\r\n<p>&nbsp;<\/p>\r\n<h1 class=\"has-text-align-center\">Contact<\/h1>\r\n<p>contact-chateau@turmeliere.org<\/p>\r\n<p class=\"has-text-align-center\">Coordination : Jasmine Hiltscher &#8211; jhiltscher@turmeliere.org &#8211; 02 40 09 15 30<\/p>\r\n<p>\r\n\r\n<\/p>\r\n<p class=\"has-text-align-center\"><a href=\"http:\/\/www.turmeliere.org\/\">http:\/\/www.turmeliere.org\/<\/a><\/p>\r\n<hr \/>\r\n\r\n\r\n<h1 class=\"has-text-align-center\">LOCALISATION<\/h1>\r\n\r\n\r\n\r\n<p>Le Ch\u00e2teau de la Turmeli\u00e8re est situ\u00e9 en Or\u00e9e d&rsquo;Anjou dans la commune de Lir\u00e9, sur les coteaux de la Loire, \u00e0 5km d&rsquo;Ancenis, 40km de Nantes et 50km d&rsquo;Angers.<\/p>\r\n\r\n\r\n\r\n<div class=\"wp-block-image\">\r\n<figure class=\"aligncenter size-full\"><img class=\"wp-image-154 aligncenter\" src=\"http:\/\/festimalles.fr\/wp-content\/uploads\/2020\/04\/Capture-du-2018-03-20-13-27-53.png\" alt=\"\" \/><\/figure>\r\n<\/div>\r\n\r\n\r\n\r\n<p class=\"has-text-align-center\">Association la Turmeli\u00e8re<\/p>\r\n\r\n\r\n\r\n<p class=\"has-text-align-center\">Ch\u00e2teau de la Turmeli\u00e8re, Lir\u00e9<\/p>\r\n\r\n\r\n\r\n<p class=\"has-text-align-center\">49530 Or\u00e9e d&rsquo;Anjou<\/p>\r\n\r\n\r\n\r\n<p class=\"has-text-align-center\">02 40 09 15 16<\/p>\r\n\r\n\r\n\r\n<p class=\"has-text-align-center\"><a href=\"https:\/\/www.turmeliere.org\/\">www.turmeli\u00e8re.org<\/a><\/p>\r\n\r\n\r\n<hr class=\"wp-block-separator\" \/>\r\n\r\n\r\n<p>&nbsp;<\/p>\r\n\r\n\r\n\r\n<h1 class=\"has-text-align-center\" style=\"font-size: 30px;\"><strong>Comment venir \u00e0 la Turmeli\u00e8re ?<\/strong><\/h1>\r\n\r\n\r\n\r\n<p><strong>EN TRAIN<\/strong> <strong>DEPUIS NANTES OU ANGERS:<\/strong><\/p>\r\n<ul>\r\n<li>Angers-Ancenis: 25 mn<\/li>\r\n<li>Nantes-Ancenis: 20 mn<\/li>\r\n<\/ul>\r\n<p>Ancenis &#8211; Ch\u00e2teau de la Turmeli\u00e8re (Lir\u00e9) : 10mn en voiture<\/p>\r\n\r\n\r\n\r\n\r\n<hr \/>\r\n<h1 class=\"has-text-align-center\"><span style=\"font-size: 16px;\">Association La Turmeli\u00e8re Ch\u00e2teau de la Turmeli\u00e8re \u2013 Lir\u00e9 49 530 Or\u00e9e d\u2019Anjou 02 40 09 15 16<\/span><\/h1>\r\n\r\n\r\n\r\n<p class=\"has-text-align-center\">\u00a0<\/p>\r\n<p>&nbsp;<\/p>\r\n","protected":false},"excerpt":{"rendered":"<p>La ch\u00e2teau de la Turmeli\u00e8re accueille un.e auteur.trice en r\u00e9sidence tous les deux ans. Prochaine session de candidature : D\u00e9cembre 2025. Le dossier de candidature sera disponible sur notre site internet fin 2025\/d\u00e9but 2026.\u00a0 &nbsp; Contact contact-chateau@turmeliere.org Coordination : Jasmine Hiltscher &#8211; jhiltscher@turmeliere.org &#8211; 02 40 09 15 30 http:\/\/www.turmeliere.org\/ LOCALISATION Le Ch\u00e2teau de la Turmeli\u00e8re est situ\u00e9 en Or\u00e9e d&rsquo;Anjou dans la commune de Lir\u00e9, sur les coteaux de la Loire, \u00e0 5km d&rsquo;Ancenis, 40km de Nantes et 50km&#8230;<\/p>\n<p class=\"read-more\"><a class=\"btn btn-default\" href=\"https:\/\/auteursenresidence-turmeliere.fr\/index.php\/infos-pratiques\/\">Lire la suite<span class=\"screen-reader-text\"> Lire la suite<\/span><\/a><\/p>\n","protected":false},"author":1,"featured_media":0,"parent":0,"menu_order":0,"comment_status":"closed","ping_status":"closed","template":"","meta":[],"_links":{"self":[{"href":"https:\/\/auteursenresidence-turmeliere.fr\/index.php\/wp-json\/wp\/v2\/pages\/320"}],"collection":[{"href":"https:\/\/auteursenresidence-turmeliere.fr\/index.php\/wp-json\/wp\/v2\/pages"}],"about":[{"href":"https:\/\/auteursenresidence-turmeliere.fr\/index.php\/wp-json\/wp\/v2\/types\/page"}],"author":[{"embeddable":true,"href":"https:\/\/auteursenresidence-turmeliere.fr\/index.php\/wp-json\/wp\/v2\/users\/1"}],"replies":[{"embeddable":true,"href":"https:\/\/auteursenresidence-turmeliere.fr\/index.php\/wp-json\/wp\/v2\/comments?post=320"}],"version-history":[{"count":7,"href":"https:\/\/auteursenresidence-turmeliere.fr\/index.php\/wp-json\/wp\/v2\/pages\/320\/revisions"}],"predecessor-version":[{"id":405,"href":"https:\/\/auteursenresidence-turmeliere.fr\/index.php\/wp-json\/wp\/v2\/pages\/320\/revisions\/405"}],"wp:attachment":[{"href":"https:\/\/auteursenresidence-turmeliere.fr\/index.php\/wp-json\/wp\/v2\/media?parent=320"}],"curies":[{"name":"wp","href":"https:\/\/api.w.org\/{rel}","templated":true}]}}